+ 4*b + 26, -b = c + 7. Let k be b/(-9) - (-1770)/54. List the prime factors of k - (0 + -3 - -7).
29
Let l be (-42)/(-9) + (-5)/(-15). Suppose 0 = p + 3 - l. Suppose -g = p*g - 222. List the prime factors of g.
2, 37
Suppose 0 = 4*c - o - 11, -o - 2*o = -3. Suppose 61*z = 62*z - 1091. Suppose -5*t + 1939 - 570 = 2*q, 4*t + c*q = z. What are the prime factors of t?
5, 11
Suppose 40*j - 6 = 42*j. Let g be 2*(2 - (j + 3)*1). Suppose -3*r + 0*t + 519 = -3*t, -g*r - 3*t + 664 = 0. What are the prime factors of r?
13
Let s = 49 - 42. Suppose -12*w = -s*w + 20. Let o(v) = -30*v - 2. List the prime factors of o(w).
2, 59
List the prime factors of (-2575890)/(-65) + 89/(-1157).
23, 1723
Let y be 0 + 0 - (-1 - 0/1). Let t be y/((-10)/(-16)) + (-2)/(-5). Suppose -t*d = 0, 2*q + 5*d - 28 = -0*q. What are the prime factors of q?
2, 7
Let s = 14163 - 6760. Suppose 5 = -w, -4*g = 2*w - w - s. List the prime factors of g.
2, 463
Suppose -514*g - 37425 = -519*g. What are the prime factors of g?
3, 5, 499
Suppose -14*c + 32380 = -28814. List the prime factors of c.
3, 31, 47
Suppose -119214 = -30*s + 126786 + 413250. What are the prime factors of s?
3, 5, 293
Let x(j) = j**3 - 3*j**2 + 4*j - 6. Let s be x(4). Suppose y - 184 = s. Suppose y = z + 2*z. List the prime factors of z.
2, 5, 7
Suppose 0 = -f - d + 2, -4*f + 60 = f - 5*d. List the prime factors of 4233*f/105 + 2/(-10).
2, 3, 47
Let c be (-2280)/(-100)*65/2. Suppose 0 = -192*k + 193*k - c. List the prime factors of k.
3, 13, 19
Let b(p) = -78*p + 1418. What are the prime factors of b(-86)?
2, 17, 239
Let u(i) = 110*i - 30. Let t be u(13). Suppose -w + 6*w = t. Suppose -3*k + w = 4*h, 4*k - 2*h + 207 = 595. List the prime factors of k.
2, 3
Suppose 42*f = -13*f + 694265. List the prime factors of f.
13, 971
Let d be 19 + (-1 - (1 + 2)). Suppose d = 32*p - 29*p. Suppose -62 = -7*f + p*f. List the prime factors of f.
31
Let o(f) = 291*f - 1968. What are the prime factors of o(58)?
2, 3, 5, 7, 71
Suppose 3 = -4*l + 5*u + 7, 3*l = u + 3. List the prime factors of -4 - (-6 + l) - -289.
2, 5, 29
Suppose -347*y + 13972763 = -24*y - 4496377. List the prime factors of y.
2, 3, 5, 953
Suppose 4*l = -10 - 26. Let q be (-3012)/l + (-4)/(-3). Suppose 648 = 6*g - q. List the prime factors of g.
2, 41
Let j(h) = 666*h**2 - 293*h + 1474. List the prime factors of j(5).
3, 617
Suppose 270*n = 269*n + 6813. What are the prime factors of n?
3, 757
Let k(x) = -7*x**3 + 6*x**2 - 4*x - 2. Let y(o) = -o - 3. Let f be 0*((-1)/1)/(-1 + -1). Let h be y(f). List the prime factors of k(h).
11, 23
What are the prime factors of (4 - -56)*(-51588)/(-144)?
3, 5, 1433
Suppose 0 = -2*j - 21*h + 16*h + 51782, -4*j + 103510 = h. List the prime factors of j.
2, 6469
Suppose -2*i - 2*q + 5540 = i, 0 = 5*i + 5*q - 9240. Let v = i - 1264. List the prime factors of v.
2, 5, 29
List the prime factors of 70468/2*(12/22)/((-84)/(-308)).
2, 79, 223
Let n(j) = j**3 + 11*j**2 - 21*j + 99. Let o be (-4)/(-12) + (-148)/12. What are the prime factors of n(o)?
3, 23
Suppose -322*u - 131006 = -96*u - 471814. List the prime factors of u.
2, 13, 29
Suppose -3*j - 24 = 3*q, j + 2 = 41*q - 40*q. List the prime factors of ((-2)/(-4))/(q/(-642)).
107
Let w = 386 + -393. What are the prime factors of 898 + w + (-42)/(-6)?
2, 449
Let j = -696 - -700. Suppose 4*s - j*l + 3*l - 6044 = 0, l = 2*s - 3022. List the prime factors of s.
1511
Let l be (-5 + 2 - -4) + 1003 + -2. Let f = -665 + l. List the prime factors of f.
337
Suppose -1011696 = 2093*u - 2114*u. List the prime factors of u.
2, 3011
Let c(r) = r**2 - 7*r + 6. Let t be c(6). Suppose -2*i + 196 + 732 = t. What are the prime factors of i?
2, 29
Let u(w) = 7*w + 20. Let b = 43 - 40. Suppose h + 18 = b*h. List the prime factors of u(h).
83
Let r be (25/50)/(((-1)/(-1))/4). Suppose 3*v - 5 = -r*v, 4*u = -v + 1173. What are the prime factors of u?
293
Let i be 0/(0 + 2)*(-4 - -3). Suppose i = -3*r - 2*d + 14, -3 = -2*r + 2*d - 7. Suppose -l - 6 + 59 = r*x, 2*x = 5*l + 59. What are the prime factors of x?
3
Let j(q) = -185*q - 84. Let l be j(-4). Suppose -l - 1042 = -6*c. List the prime factors of c.
283
Let n(a) = -2*a + 278. Let t be n(18). Suppose -4*h + t = -654. List the prime factors of h.
2, 7
Let y = 54 + -93. Let l = y + 42. Suppose 2*u - 14 = -i + 3, 2*i + 8 = l*u. What are the prime factors of u?
2, 3
Suppose 3*f + 5*y + 7 = -36, y = 2*f + 7. What are the prime factors of (33/f)/((-13)/1118)?
11, 43
Suppose 2*k - 2363 = 3*b, 4*b - 2799 = -2*k - 401. Suppose x - 301 = -d, -4*x - d + k = -0*d. List the prime factors of x.
2, 37
Suppose -3*g = -9*g + 258. Suppose 3*b + 4*u - 2996 = 0, -2*b + 45*u + 2016 = g*u. What are the prime factors of b?
2, 251
Let z be (-1)/((-1 - 0)/497). Let x = z - 973. Let k = x - -677. List the prime factors of k.
3, 67
Let i(d) = -3304*d - 1686. What are the prime factors of i(-4)?
2, 5, 1153
Let q = 231 + -229. Suppose -3*n + 2*n - 1 = 0, -q*n = 2*f - 102. What are the prime factors of f?
2, 13
Let u = 206485 + -111306. List the prime factors of u.
7, 13597
Let k(h) = -2*h**3 + 10*h**2 + h - 2. Let v be k(5). Suppose -5*w + 10 = 0, -v*m + 5*w = -1111 - 583. What are the prime factors of m?
2, 71
List the prime factors of 11367 + (40/(-8) - -9) + -13.
2, 3, 631
Let n be (-4 - -6)/(78/(-82) + 1). Suppose 4*j - 13 = -2*i + 15, 3*i = -5*j + n. List the prime factors of (-87)/i*(-1 + -15).
2, 29
Let m(s) = -296*s + 395. List the prime factors of m(-12).
3947
Let a be ((24/(-10) - -2)*5)/(-1). Suppose u - d = a*d + 1083, -1107 = -u - 5*d. What are the prime factors of u?
2, 3, 7, 13
Suppose 0 = 18*t - 102 - 42. Let i(b) = 6*b**2 - 6*b - 33. What are the prime factors of i(t)?
3, 101
Let p = 133 - 128. Suppose 1617 = p*b - 613. List the prime factors of b.
2, 223
Let i be 1/((-5)/(-60)*4). Suppose -70 = -5*f + i*l, -3*f + 4*l - 15 + 57 = 0. Suppose 0 = 18*j - f*j - 524. What are the prime factors of j?
131
Let o(k) = 24*k**2 - 342*k - 59. What are the prime factors of o(24)?
5557
Let q = 23703 + -430. List the prime factors of q.
17, 37
Let t be 1/3 - 504/(-108). Suppose 2*x + 2*o = 223 - 3, 2*x = t*o + 248. List the prime factors of x.
2, 3, 19
What are the prime factors of ((-1)/(-3))/(2 - (-88055)/(-14676) - -4)?
2, 1223
Suppose t + 2*h = 656 + 334, 4*t = 2*h + 3950. Suppose 0 = 15*f - t - 2177. What are the prime factors of f?
211
Let g(t) = -86*t**2 - 7*t - 3. Let r(p) = -87*p**2 - 6*p - 2. Let x(y) = 4*g(y) - 5*r(y). Let z be x(2). Let v = 581 - z. List the prime factors of v.
5, 43
Let n(v) = -22*v - 76. Let r be n(14). List the prime factors of (-256)/r + ((-2350)/(-3) - 1).
3, 29
Let x be (25/(-10))/(3 - (-148)/(-48)). Suppose -36 + x = -l. Suppose -k - 2*c + 22 = 0, 0 = -2*c + l*c - 8. What are the prime factors of k?
2, 3
Suppose 2*h + f - 78507 = -0*h, -117763 = -3*h + f. What are the prime factors of h?
2, 19, 1033
Suppose -252317 = -15*n + 127393. What are the prime factors of n?
2, 3, 4219
Suppose 0 = 5*k + x - 26376, 4*k - 3*x + 964 = 22080. What are the prime factors of k?
2, 1319
Let o be (-1 - 108/(-20))/((-12)/(-300)). Suppose -2*b = -3*a - 258, 0 = -2*b + 5*a + 372 - o. List the prime factors of b.
2, 3, 7
Suppose -3*d = 12, -3*y = -5*y + 3*d + 8. List the prime factors of y/13 - 207508/(-182).
2, 3, 5, 19
What are the prime factors of (10 + 403/(-39))/(3/(-221553)*1)?
103, 239
Let o(y) = -3*y**2 + y - 9*y + y**3 + 15 + 2*y - 2*y**2. Let n be o(7). Let j = 221 - n. What are the prime factors of j?
2, 3, 5
Let y = -778 + -295. Let z = -522 - y. List the prime factors of z.
19, 29
Let l(f) = 35*f - 193. Let v be (-1 - (-24)/(-16)) + 86/4. What are the prime factors of l(v)?
2, 59
Suppose -2*h - b - 201 = 2*b, 2*b - 410 = 4*h. Let s = 68 - h. Suppose 0*d + d = s. What are the prime factors of d?
2, 5, 17
Let k(w) be the first derivative of w**5/60 - w**4/3 - 8*w**3/3 + 27*w**2/2 - 30. Let a(x) be the second derivative of k(x). List the prime factors of a(-8).
2, 7
Let l(a) = 42*a + 1. Let s be l(2). Let d(z) = 2*z**3 - 108*z**2 - 105*z - 36. Let q be d(55). Suppose q + s = 4*o. List the prime factors of o.
3
Let g be (-905)/45 - (-5)/45. Let n = 40 - -13. What are the prime factors of n/2 - (-10)/g?
2, 13
Let i(f) = -3*f - 41. Let p be i(-13). Let n be ((-10